= -u**3 + 8*u**2 - 9*u + 6. Suppose 3*i + 4*r - 20 = i, 28 = 5*i - r. What are the prime factors of a(i)?
2, 3
Let d be ((-9)/(-6) - 1)*64. Suppose -188 = -3*j - d. What are the prime factors of j/5 + 12/(-30)?
2, 5
Let v = 3 + -3. Suppose v = -6*m + m + 10. Suppose 3*b + m*w - 18 = 0, -w - 2*w - 18 = -3*b. What are the prime factors of b?
2, 3
Let t be 8/10*45/6. Let m = t - -5. What are the prime factors of m?
11
Suppose -3*f + 2*p + 116 = 0, 5*p = 3*f - 75 - 35. What are the prime factors of f?
2, 5
Suppose -150 = -2*i - 3*i. Suppose 3*b - 38 = 5*t, -3*t = -2*b - b + i. Suppose -3*u + b = -0. List the prime factors of u.
2
Let k = -4 + 6. Let w(m) = 6*m - 1. What are the prime factors of w(k)?
11
Let x = -6 - -9. Let o be (x/6)/((-3)/(-18)). Let a(r) = r**3 - 2*r**2 - r + 1. List the prime factors of a(o).
7
Suppose 4*f + 3*o - 14 = 0, -3*f + f + 3*o + 16 = 0. Suppose -2*v = -f*v + 45. What are the prime factors of v?
3, 5
Suppose 4*w - 14 = -2*s - 4, 5*s - 25 = 3*w. Suppose w = -2*b + 50 - 6. What are the prime factors of b?
2, 11
Let g = -184 + 128. Let w = 91 + g. What are the prime factors of w?
5, 7
Let s = 8 + -10. What are the prime factors of ((-10)/(-8))/(s/(-32))?
2, 5
Let v(y) be the first derivative of y**4/4 - 2*y**3 + 3*y**2/2 + 3*y + 2. What are the prime factors of v(6)?
3, 7
Let s(y) = 4*y**2 - y + 1. Let m be s(2). Suppose -f + 2*n = -3*n + 5, 3*f = 5*n + m. List the prime factors of f.
2, 5
Suppose s = -3 + 7. Suppose o - 8 = -3*c + 12, o - s*c = 27. What are the prime factors of o?
23
Let k be (6/(-9))/(2/21). Let s(i) = -i**3 - 8*i**2 - 7*i + 3. Let r be s(k). Suppose -5*z + 72 = 3*m, r*z - 44 = -m - 0*m. List the prime factors of z.
3, 5
Let i = 5 + -3. Suppose 20 = i*b + 6. List the prime factors of b.
7
Let n(w) = w**3 - 10*w**2 + 2*w - 1. Let j = 23 - 13. List the prime factors of n(j).
19
Let d(x) = 28*x**2 + 2*x. What are the prime factors of d(1)?
2, 3, 5
Suppose -3 = -4*t - 3*y, t + 2 + 1 = -2*y. Let u = t + 4. Suppose 4*o = 3*o + u. List the prime factors of o.
7
Let c = 10 - 0. List the prime factors of c.
2, 5
Suppose 9 + 0 = 5*n - 2*g, 3*g = 9. Suppose 0 = -3*t + 2*m + m - 12, 0 = -n*t + 2*m - 15. Let i = 3 - t. List the prime factors of i.
2, 5
Let s(o) = 3*o**2 - 1. Let k be s(-1). Let b be 243/6 + (-1)/k. Suppose -3*y - 4*q + b = -2*q, 0 = 4*y - 4*q - 40. List the prime factors of y.
2, 3
Let o(g) = g**3 - 5*g**2 - 6. Let w be (9 + -4)/(1 - 0). Let r be o(w). Let q = r - -9. List the prime factors of q.
3
Let u(s) be the first derivative of s**5/60 - s**4/8 + s**3/3 + s**2/2 - 2. Let a(z) be the second derivative of u(z). What are the prime factors of a(4)?
2, 3
Suppose -5*b - 9*g + 5*g + 314 = 0, 5*b = -5*g + 310. List the prime factors of b.
2, 3, 11
Let d be 272/28 + (-4)/(-14). List the prime factors of (d/(-6))/(2/(-30)).
5
List the prime factors of (-156)/(-15)*5/2.
2, 13
Suppose -35 = f - 6*f. Let d(y) = -y**2 + 8*y + 4. Let c be d(f). Let a(g) = -g**3 + 12*g**2 - 9*g - 12. List the prime factors of a(c).
2, 5
Let r(q) = q**2 - 7*q - 1. Let c be r(7). Let y = c + 2. Let v = 3 + y. What are the prime factors of v?
2
Suppose 19 - 4 = -3*c. Let u be c*-6*1/5. List the prime factors of 2*(-1)/(-2) + u.
7
Suppose u = -4*u + 2*d + 168, -4*d = -4*u + 144. What are the prime factors of u?
2
Suppose 3*c + 10 = -w, -2*w - 3*c + 2*c + 5 = 0. Let b(i) = -8*i + w - 5. List the prime factors of b(-1).
2
Suppose -5*p = -2*p - 6. Let a = p + -2. Suppose 0*r - 2*r + 18 = a. What are the prime factors of r?
3
Let j = 105 - 43. What are the prime factors of j?
2, 31
Let y(b) = -b + 10. Let x be y(8). Suppose 0 = 5*w + i - 237, x*i - 33 = -w - 3*i. Suppose o = 2*v - 12, 4*o + 0*o - w = -4*v. List the prime factors of v.
2
Suppose 3*w - 60 = -5*f, 5*f + w - 24 = 3*f. Let g be (f/4)/((-6)/(-116)). Suppose -3*j = 5*k - 52, 2*k + g = 7*k - 3*j. What are the prime factors of k?
11
Let s(p) = -2*p + 1. Let b(i) be the third derivative of -i**5/60 - i**4/24 + i**3/3 - 3*i**2. Let r be b(2). What are the prime factors of s(r)?
3
Suppose 6*i - 7*i + 97 = 0. List the prime factors of i.
97
Let i(a) = 9*a + 7. What are the prime factors of i(3)?
2, 17
Let b(p) = p**3 - 3*p**2. Let a be b(3). Suppose 5*n + 4*d = n + 108, -5 = -5*d. Suppose a = -2*w + n - 4. What are the prime factors of w?
11
Let j be (-32)/10*(-20)/(-4). Suppose 4*w - o = -31, 1 = -4*o - 3. Let s = w - j. List the prime factors of s.
2
Let d(q) = -q**2 + 34*q + 54. What are the prime factors of d(32)?
2, 59
Suppose 3*p - 34 = 41. Let x = -11 + 14. Suppose 2*u - p = -q, -2*u - 2*q + x*q + 19 = 0. List the prime factors of u.
11
Suppose -3*z = 4*k - 36, -z + 17 = 5*k - 2*k. Suppose -4*f + z = -2*b, -f - b - b = 8. Let h = f + 2. What are the prime factors of h?
2
Suppose 5*f - 10*f = 20. List the prime factors of (-14)/(-6 - f) - -4.
11
Suppose 4*i = 2*w - 70, 3*w + 2*i = -2*w + 127. List the prime factors of w.
3
What are the prime factors of (-2)/(-4 + -2)*(226 + -1)?
3, 5
Let w = 24 + -11. List the prime factors of w.
13
Let h be 2*(-2)/1*1. Let w = h + 20. List the prime factors of w.
2
Suppose 3*k + 0 = 15. Suppose -5*c = -k*v + 55, 0 = -2*c + 4*c + 10. List the prime factors of v.
2, 3
Suppose 2*x - x = -5*j + 160, 4*j = 0. What are the prime factors of x?
2, 5
Let p(q) = -4*q. Let o be p(1). Let a = o - 7. Let n = a + 18. List the prime factors of n.
7
Let u = 3 - 3. Let j = 1 + u. Suppose 0 = 4*p - 31 - j. What are the prime factors of p?
2
Let r = -334 + 229. Let x be (r/14)/((-3)/4). Let q = -7 + x. What are the prime factors of q?
3
Suppose 4*v = -3*r + 3*v + 14, -5*r + 26 = -v. Suppose 0 = r*z - 8*z + 96. List the prime factors of z.
2
Suppose -2*c - 3*c = 5*m - 55, -5*c = -4*m + 44. Let v(z) = -z + 10. Let w be v(3). Let j = m - w. List the prime factors of j.
2
Let k(w) = -w**2 + 4*w + 7. List the prime factors of k(3).
2, 5
Suppose 3*j - 2*j - 60 = 3*q, -2*j + 80 = 2*q. What are the prime factors of j?
3, 5
Suppose -3*t - 31 = -4*k - 262, 2*t - 158 = 4*k. What are the prime factors of t?
73
List the prime factors of (-2)/5 + 267/5.
53
Suppose 5*m - 3*a = 0, -m - 2*m = 2*a - 19. Suppose m*o + 3*d = 48, -2*o - 4*d = -3*o + 6. What are the prime factors of o?
2, 7
Let l(i) = i - 15. Let w be l(11). Let r be 21*w*3/(-6). Suppose 0*a - 3*a = -r. List the prime factors of a.
2, 7
Let t be -3 + 3 + 38 + 2. Suppose 0 = 4*h - 0*h - t. What are the prime factors of h?
2, 5
Let b be 0 - (-3 + -76 - 0). Let g = 116 - b. What are the prime factors of g?
37
Suppose 0*y = -3*y + 9, 4*v - 63 = -y. List the prime factors of v.
3, 5
Let h be ((-460)/8)/((-4)/8). Suppose -3*v - 3*o + 3 = -0, 0 = 2*v + 3*o + 3. Suppose y = v*y - h. List the prime factors of y.
23
Suppose -45 - 50 = -4*f - 3*g, g - 23 = -f. What are the prime factors of f?
2, 13
Suppose -2*r + 12 = f, -f = -3*r - 15 - 22. Suppose -3*m + f = -m. Let g = m - 7. What are the prime factors of g?
2
Suppose -6 + 3 = -d. Suppose 0 = 3*q + d. List the prime factors of 2 - (-3 + q)/2.
2
Let u(q) = 4 - 5 - q - 3*q + 3*q. Let w be u(-3). Suppose -w*l = -2 - 6. List the prime factors of l.
2
Let j(o) = o + 20. What are the prime factors of j(0)?
2, 5
Let b = 4 + 2. Let g = b - -1. What are the prime factors of g?
7
Suppose -267 = -u - 3*t, 2*u + 0*u = -2*t + 526. List the prime factors of u.
3, 29
Suppose 2 = -0*z - z. List the prime factors of 6*18/4 + z.
5
Let i(d) = d**3 + 4*d**2 + d + 4. Let x be i(-4). Suppose x*w + 3*w - 9 = 0. What are the prime factors of w?
3
Let u(d) = -d**3 + 5*d**2 - d - 3. Suppose 3*t - r = 8 + 6, 6 = -3*r. List the prime factors of u(t).
3
Suppose u - 2*s = -6, 0 = 4*u - 6*s + 2*s + 4. Let n(m) = 7*m - 8. Let l(y) = 6*y - 9. Let v(h) = u*l(h) - 3*n(h). List the prime factors of v(8).
2, 3
What are the prime factors of 69 + (3 - (-1)/1)?
73
Suppose -3*y = n - 599, -2*y + 4*n + 228 = -176. What are the prime factors of y?
2, 5
Suppose y - 3*a + 7 - 31 = 0, -2*a - 96 = -4*y. What are the prime factors of y?
2, 3
Let m(j) = j**2 - 4*j + 5. List the prime factors of m(-4).
37
Suppose 2*t + m = 5, 2*m = 5*t + 7*m. Let c = 3 - t. List the prime factors of (16/6)/(c/(-3)).
2
Suppose 116 = -d - 21. Let j = d - -193. List the prime factors of j.
2, 7
Let q = 11 + -6. Suppose -4*u + 4*y = -